9?
False
Is 471156392 a multiple of 491?
False
Does 514 divide 1927086518?
False
Does 24 divide 210788280?
True
Is 699943068 a multiple of 10593?
True
Is 16062904 a multiple of 517?
False
Is 5 a factor of 87955108?
False
Is 118616486 a multiple of 2772?
False
Is 110849912 a multiple of 3?
False
Is 811624 a multiple of 253?
True
Is 89729505 a multiple of 53?
False
Is 6671 a factor of 1254274749?
True
Is 334 a factor of 343200698?
True
Is 2379866118 a multiple of 42?
True
Does 1128 divide 15084233?
False
Does 182 divide 49274498?
True
Does 347 divide 121598343?
False
Is 5826402 a multiple of 3337?
True
Is 260 a factor of 39096855?
False
Is 201 a factor of 36150252?
True
Does 191 divide 130949316?
False
Does 2 divide 2158796?
True
Does 68 divide 310972500?
True
Is 357432448 a multiple of 2153?
True
Does 134 divide 107971170?
True
Does 256 divide 3204096?
True
Is 5411034 a multiple of 18?
True
Is 50057730 a multiple of 5?
True
Does 29 divide 22729388?
True
Is 761 a factor of 56224202?
True
Is 2673 a factor of 821978206?
False
Is 13 a factor of 1438942414?
True
Does 164 divide 2866409889?
False
Is 1776 a factor of 1277125393?
False
Is 719223 a multiple of 6?
False
Does 9 divide 78686509?
False
Is 32639488 a multiple of 56?
True
Does 3929 divide 773891201?
True
Is 5041660502 a multiple of 18?
False
Is 878 a factor of 893487920?
True
Is 244 a factor of 290176268?
True
Is 233374555 a multiple of 85?
True
Is 81391011 a multiple of 1715?
False
Is 20116916 a multiple of 2026?
False
Is 1017855419 a multiple of 3277?
False
Does 141 divide 190474221?
True
Is 16 a factor of 17939792?
True
Does 878 divide 35327973?
False
Is 3 a factor of 7705719?
True
Is 856389434 a multiple of 60?
False
Is 166583502 a multiple of 734?
True
Does 49 divide 327577152?
True
Does 407 divide 41499348?
True
Is 5436185 a multiple of 371?
False
Does 257 divide 1314874857?
False
Is 492 a factor of 844996224?
True
Does 85 divide 50402025?
True
Is 1507 a factor of 22583902?
True
Does 150 divide 39705750?
True
Does 11 divide 13984949?
True
Is 4102797720 a multiple of 14665?
True
Does 1953 divide 32210582?
False
Is 480447 a multiple of 253?
True
Does 48 divide 178238718?
False
Does 4 divide 288022384?
True
Is 362180016 a multiple of 6?
True
Is 4 a factor of 9082437?
False
Does 2588 divide 434729086?
False
Is 2 a factor of 3847012?
True
Is 691125 a multiple of 285?
True
Does 15 divide 1127660354?
False
Is 67 a factor of 29367858?
False
Does 92 divide 1375971688?
True
Is 1178 a factor of 17708874?
True
Is 13 a factor of 86171787?
True
Is 8 a factor of 7699672?
True
Is 83 a factor of 1373394867?
False
Is 51 a factor of 50856659?
False
Does 2 divide 2140032?
True
Does 31 divide 115380495?
False
Is 5405667 a multiple of 1497?
True
Is 7 a factor of 17932313?
True
Does 344 divide 415683959?
False
Does 12 divide 434026?
False
Is 117892050 a multiple of 1460?
False
Is 6 a factor of 945486?
True
Is 125425720 a multiple of 10?
True
Does 7 divide 29349431?
False
Does 57 divide 17560735?
False
Is 4571192867 a multiple of 24?
False
Is 11 a factor of 32774588?
True
Is 92 a factor of 26070417?
False
Does 342 divide 818075?
False
Is 1944391565 a multiple of 6849?
False
Is 171828180 a multiple of 204?
True
Is 1343 a factor of 92118409?
False
Is 564996517 a multiple of 20?
False
Is 1682 a factor of 82761011?
False
Is 95073120 a multiple of 3296?
True
Does 234 divide 50052132?
True
Does 990 divide 5741010?
True
Is 264 a factor of 286223256?
True
Is 392 a factor of 45205440?
True
Does 38 divide 42737677?
False
Is 3391840 a multiple of 136?
True
Does 1680 divide 1284323804?
False
Does 137 divide 42793457?
True
Is 4 a factor of 1108442773?
False
Does 414 divide 13881548?
False
Is 29 a factor of 1593695?
True
Is 39359744 a multiple of 833?
False
Does 27 divide 26754813?
True
Is 17 a factor of 321391205?
True
Is 55 a factor of 40124511?
False
Is 472 a factor of 111160248?
True
Does 128 divide 50253739?
False
Does 809 divide 443047232?
True
Is 194808600 a multiple of 168?
True
Is 1619 a factor of 9192081?
False
Is 29019338 a multiple of 29?
False
Is 669 a factor of 4278515241?
True
Is 4833412484 a multiple of 11194?
True
Is 1275 a factor of 11381066?
False
Is 75633364 a multiple of 31?
False
Is 1527783 a multiple of 3?
True
Is 1458 a factor of 170250599?
False
Is 4754 a factor of 1291761634?
True
Is 94639510 a multiple of 18?
False
Does 21 divide 874137273?
False
Is 14827150 a multiple of 203?
False
Is 206764220 a multiple of 26?
True
Is 29068186 a multiple of 1270?
False
Does 52 divide 76085615?
False
Does 40 divide 36334564?
False
Is 375724416 a multiple of 40?
False
Does 75 divide 2627556697?
False
Is 18435048 a multiple of 464?
False
Is 12 a factor of 1809010764?
True
Does 5 divide 5080840?
True
Does 478 divide 18679349?
False
Is 28299540 a multiple of 21?
False
Does 24 divide 202760088?
True
Is 333795043 a multiple of 204?
False
Is 933 a factor of 30757650?
False
Is 105 a factor of 158157360?
False
Does 6 divide 221794278?
True
Is 3356 a factor of 121686044?
False
Is 9045012 a multiple of 2320?
False
Does 2 divide 239828777?
False
Does 59 divide 13723588?
False
Is 8 a factor of 337854856?
True
Is 1709 a factor of 34137275?
True
Is 72249813 a multiple of 459?
True
Is 3 a factor of 61669009?
False
Is 1289752800 a multiple of 168?
True
Is 44591138 a multiple of 2242?
True
Is 739 a factor of 12341124?
False
Is 36 a factor of 16960348?
False
Does 12 divide 57962224?
False
Does 2328 divide 365493672?
True
Is 113 a factor of 603380071?
False
Is 51 a factor of 31511065?
False
Is 131 a factor of 51398192?
False
Is 10 a factor of 98519912?
False
Is 4 a factor of 52356314?
False
Is 743750753 a multiple of 1551?
False
Is 5 a factor of 1335024004?
False
Does 546 divide 10456446?
True
Is 17 a factor of 248199983?
True
Does 24 divide 6818304?
True
Is 5642250 a multiple of 250?
True
Does 10 divide 104619170?
True
Is 15 a factor of 1049789085?
True
Does 8 divide 35218160?
True
Does 3403 divide 1645303932?
False
Is 46754858 a multiple of 4693?
False
Is 72338537 a multiple of 26?
False
Does 219 divide 69222177?
True
Does 337 divide 171774292?
True
Is 29516080 a multiple of 136?
True
Is 59 a factor of 29592040?
True
Is 375927356 a multiple of 13?
False
Is 67 a factor of 6017944020?
True
Is 18 a factor of 12080448?
True
Does 4584 divide 1085578296?
True
Does 197 divide 28251608?
False
Is 40 a factor of 222096480?
True
Is 17 a factor of 2760990338?
False
Is 4433 a factor of 78966428?
False
Is 5825141 a multiple of 4?
False
Is 358 a factor of 10046460?
False
Is 119 a factor of 218759797?
False
Does 564 divide 24014547?
False
Is 21 a factor of 20547215?
False
Does 85 divide 408477394?
False
Does 13 divide 34175696?
False
Does 29 divide 9191898?
True
Does 8 divide 1595300932?
False
Is 1850299605 a multiple of 15?
True
Is 86 a factor of 167329082?
True
Is 30007896 a multiple of 642?
False
Does 2981 divide 67495802?
True
Does 207 divide 1674583?
False
Is 10167563 a multiple of 994?
False
Is 2444789022 a multiple of 3070?
False
Is 200184210 a multiple of 54?
True
Does 104 divide 129107306?
False
Is 534530906 a multiple of 1469?
True
Does 3081 divide 120759795?
True
Is 30 a factor of 20911860?
True
Does 289 divide 41581192?
False
Is 2800 a factor of 488101600?
True
Is 5 a factor of 366598854?
False
Does 175 divide 31126543?
False
Is 6 a factor of 6193570?
False
Does 65 divide 52327771?
False
Is 140857326 a multiple of 26?
False
Is 636644617 a multiple of 77?
False
Does 236 divide 16974064?
True
Is 158 a factor of 28170926?
True
Is 93103839 a multiple of 6?
False
Does 40 divide 169999720?
True
Does 6 divide 8875302?
True
Is 6 a factor of 420168079?
False
Is 161 a factor of 850598259?
True
Is 68566725 a multiple of 855?
True
Is 73126728 a multiple of 876?
True
Is 185 a factor of 65343131?
False
Is 46520577 even?
False
Is 11 a factor of 106593333?
True
Is 119642317 a multiple of 3338?
False
Does 37 divide 204036906?
False
Is 649860965 a multiple of 13?
True
Does 8 divide 27932302?
False
Does 838 divide 1017698206?
True
Is 95 a factor of 138748736?
False
Does 38 divide 778952424?
True
Is 23 a factor of 131978784?
True
Is 1263 a factor of 123813153?
True
Is 70335006 a multiple of 1972?
False
Does 20 divide 1588771?
False
Is 13 a factor o